4*q + 217. What is w(-52)?
9
Let w(v) = 7*v**3 + 388*v**2 + 179*v + 308. Give w(-55).
-462
Let h(w) = -873*w - 158029. Give h(-181).
-16
Let z(p) = 2960*p - 41186. What is z(14)?
254
Let v(b) = -72486*b - 6958656. Determine v(-96).
0
Let k(w) = -33244*w - 232693. Determine k(-7).
15
Let u(c) = -2*c**2 - 3463*c + 13880. Give u(4).
-4
Let i(u) = -477*u**2 - 1295*u + 399. Calculate i(-3).
-9
Let r(y) = -18*y**2 + 575*y + 52. Determine r(28).
2040
Let m(z) = 41*z**3 - 19*z**2 + 68*z + 88. Determine m(-1).
-40
Let l(k) = 3*k**3 + 540*k**2 + 3183*k - 24. Determine l(-6).
-330
Let g(f) = -17538*f - 17574. Determine g(-1).
-36
Let l(c) = -78*c**3 + 6*c**2 + 29*c + 34. Give l(-2).
624
Let h(a) = 6*a**2 - 212*a - 1250. Calculate h(40).
-130
Let x(s) = -70818*s - 212468. What is x(-3)?
-14
Let u(z) = -4*z**3 + 2121*z**2 - 615*z + 45057. Determine u(530).
7
Let c(i) = -i**2 + 11589*i - 92783. What is c(8)?
-135
Let u(m) = 262*m + 13299. Give u(-52).
-325
Let n(i) = -2342*i - 325545. Calculate n(-139).
-7
Let p(x) = -19*x + 1067. What is p(47)?
174
Let n(q) = q**2 + 469*q + 35532. Give n(-95).
2
Let x(o) = -o**2 - 1064*o + 19543. Determine x(18).
67
Let x(m) = 10*m**2 - 74*m + 204. Give x(7).
176
Let y(j) = -6*j**2 + 372*j - 2001. Give y(6).
15
Let r(j) = -116*j**2 - 5575*j - 337. Determine r(-48).
-1
Let w(y) = 3477*y - 184277. Give w(53).
4
Let q(i) = 291152*i - 2038065. What is q(7)?
-1
Let s(g) = -49606*g + 347224. What is s(7)?
-18
Let g(b) = -558068*b - 15067844. Calculate g(-27).
-8
Let i(p) = 2*p**2 + 962*p - 5314. What is i(-485)?
-1434
Let y(p) = -498*p + 2679. Determine y(5).
189
Let p(a) = a**2 + 23808*a - 214350. Calculate p(9).
3
Let t(b) = -5*b**3 + 184*b**2 + 811*b - 14837. Determine t(39).
61
Let v(n) = -501*n + 29991. Give v(60).
-69
Let t(c) = c**3 + 32*c**2 + 25*c - 1770. What is t(-29)?
28
Let l(n) = 25466*n**2 - 331059*n + 5. What is l(13)?
-8
Let s(l) = 9*l**3 + 525*l**2 + 2544*l + 4. What is s(-53)?
4
Let d(n) = 1430*n + 54335. Determine d(-38).
-5
Let f(b) = 70*b**3 - 4202*b**2 + 119*b + 55. Calculate f(60).
-5
Let x(p) = p**3 - 82*p**2 + 1497*p - 807. Determine x(55).
-147
Let v(l) = 286*l + 18125. Determine v(-64).
-179
Let w(q) = -2*q**3 + 966*q**2 - 18511*q - 4005. Determine w(463).
162
Let q(d) = 195*d + 24420. Give q(-126).
-150
Let d(j) = -81*j**2 - 6147*j + 155. Give d(-76).
-529
Let u(s) = 8*s**2 + 64*s - 102. Calculate u(4).
282
Let r(t) = 9*t**3 - 11*t**2 + 23*t - 2. Calculate r(3).
211
Let z(d) = -d**2 + 2225*d + 286348. Determine z(-122).
14
Let b(t) = 18388*t + 4799270. Give b(-261).
2
Let z(v) = -56063*v + 56007. Determine z(1).
-56
Let j(i) = 1378*i - 124051. What is j(90)?
-31
Let a(g) = 60*g**2 + 1935*g + 474. Determine a(-32).
-6
Let f(g) = -g**3 - 97*g**2 + 230*g + 1394. Calculate f(-99).
-1774
Let q(j) = 427*j - 7380. What is q(20)?
1160
Let x(k) = 852*k + 20455. What is x(-22)?
1711
Let j(v) = 63*v**3 - 1637*v**2 + 147*v - 4500. What is j(26)?
-2
Let w(n) = -21458*n + 150200. What is w(7)?
-6
Let h(u) = -7*u**2 + 1166*u - 4557. Determine h(4).
-5
Let b(p) = -20*p**3 + 557*p**2 + 116*p - 909. Give b(28).
-13
Let z(d) = 2*d**2 - 14056*d + 586833. Determine z(42).
9
Let z(d) = -3*d**3 - 214*d**2 - 1549*d - 104936. Determine z(-71).
2
Let g(q) = -13*q**2 + 641*q + 636. Determine g(50).
186
Let f(p) = 16183*p + 80742. Calculate f(-5).
-173
Let p(r) = 2*r**3 - 1062*r**2 + 3153*r + 38. Give p(3).
-7
Let x(j) = 584*j - 8467. Give x(15).
293
Let y(r) = 32*r**3 - 4770*r**2 + 225*r + 10873. Calculate y(149).
-4
Let c(i) = -144*i**2 - 10655*i + 5. Determine c(-74).
-69
Let v(d) = 31350*d - 344840. Calculate v(11).
10
Let h(z) = -z**3 + 25*z**2 + 204*z - 5924. Determine h(22).
16
Let z(s) = -29856*s - 1671928. Determine z(-56).
8
Let a(k) = 469*k**2 - 31251*k + 19596. What is a(66)?
-6
Let a(g) = g**2 - 6185*g - 1054269. What is a(-166)?
-3
Let q(o) = -106*o - 681. Determine q(-10).
379
Let p(o) = -1567866*o - 6271454. Give p(-4).
10
Let l(v) = 79*v**2 + 2799*v - 4575. Determine l(-37).
13
Let q(g) = -817*g - 754. Give q(-1).
63
Let f(s) = -104224*s - 729672. Calculate f(-7).
-104
Let f(k) = -2*k**3 - 992*k**2 + 4017*k + 8606. Give f(-500).
106
Let b(n) = -n**2 + 146*n - 4061. Give b(38).
43
Let q(l) = -211*l**2 + 514*l + 326. Give q(3).
-31
Let k(p) = -224125*p + 3137751. Give k(14).
1
Let v(i) = 1406*i + 6586. What is v(-5)?
-444
Let y(j) = -9321*j - 27955. Determine y(-3).
8
Let i(q) = -12*q**3 + q**2 + 4*q + 2. Give i(4).
-734
Let v(k) = -k**3 + 236*k**2 + 10706*k + 5173. What is v(275)?
-52
Let j(r) = -187*r - 32178. What is j(-164)?
-1510
Let a(g) = g**3 - 304*g**2 + 3053*g + 49790. Give a(293).
-20
Let b(m) = 18*m**2 - 18*m - 5. Give b(6).
535
Let c(i) = -162*i - 19810. What is c(-113)?
-1504
Let a(o) = -o**3 + 154*o**2 + 489*o - 98223. Give a(153).
3
Let i(o) = -2*o**2 - 3477*o - 444678. Determine i(-139).
-17
Let p(k) = k**2 + 112*k - 2222. Give p(19).
267
Let c(a) = -206*a**2 + 1452*a - 118. Give c(7).
-48
Let p(b) = -3*b**3 + 8*b**2 - 254*b + 754. What is p(3)?
-17
Let n(m) = 4*m**2 - 1785*m + 9392. Calculate n(441).
131
Let t(r) = -r**3 - 224*r**2 + 4979*r - 40663. What is t(-245)?
7
Let c(f) = 739*f + 187632. Give c(-254).
-74
Let b(f) = 20*f**2 + 39*f - 41. Give b(1).
18
Let l(h) = h**3 + 38*h**2 + 363*h - 7. Determine l(-19).
-45
Let d(i) = -91838*i - 459179. Calculate d(-5).
11
Let q(b) = -14*b**2 - 31*b - 109. What is q(-4)?
-209
Let l(g) = 3*g**2 + 121*g + 258. Give l(-7).
-442
Let n(g) = 5*g**3 + 7*g**2 + 45*g + 373. What is n(-8)?
-2099
Let t(d) = 6*d**2 + 1466*d - 6975. What is t(-249)?
-3
Let a(d) = -56*d**2 - 1336*d + 208. What is a(-24)?
16
Let b(g) = 6484*g - 661658. Determine b(102).
-290
Let s(u) = -5*u**2 + 371*u - 5482. Determine s(21).
104
Let f(g) = -3*g**3 + 54*g**2 - 179*g - 379. Give f(7).
-15
Let o(c) = -2*c**3 + 5*c**2 + 107*c + 458. Determine o(10).
28
Let l(v) = 889*v**2 + 11545*v + 11546. Give l(-1).
890
Let v(y) = 1325*y**2 - 42*y - 40. Calculate v(-1).
1327
Let i(f) = 17*f**2 - 789*f - 2372. Determine i(-3).
148
Let j(x) = -4015*x + 433615. Give j(108).
-5
Let y(v) = -416*v - 970. What is y(0)?
-970
Let h(d) = d**2 - 120*d + 1827. Give h(116).
1363
Let s(k) = 285207*k - 1426051. Determine s(5).
-16
Let q(v) = -3*v**3 + 7*v**2 - 68*v + 15. Determine q(8).
-1617
Let q(c) = 21*c**2 + 4821*c + 33721. Give q(-7).
1003
Let h(a) = 211*a - 464. Determine h(-11).
-2785
Let h(k) = 3264*k + 22887. Determine h(-7).
39
Let d(s) = s**3 - 821*s - 8113. Calculate d(-12).
11
Let k(s) = s**3 - 48*s**2 + 440*s + 153. Give k(15).
-672
Let m(r) = -6814*r + 293012. Determine m(43).
10
Let j(h) = -124070*h + 124066. What is j(1)?
-4
Let v(c) = -633*c**2 - 58235*c + 92. Determine v(-92).
0
Let k(q) = -20*q**3 - 1225*q**2 - 330*q - 99. Give k(-61).
1426
Let w(x) = 352*x + 37. Determine w(9).
3205
Let i(n) = -25008*n + 75230. Give i(3).
206
Let n(q) = -3508*q + 108978. Give n(31).
230
Let j(x) = 246*x - 72183. What is j(294)?
141
Let d(b) = 9*b**2 - 818*b - 51. Determine d(91).
40
Let l(v) = -145*v**3 - 72064*v**2 + 497*v - 255. Determine l(-497).
-255
Let m(v) = v**3 - 168*v**2 - 1570*v + 28421. Determine m(176).
-91
Let p(c) = 1237*c - 65515. Calculate p(53).
46
Let q(b) = -2*b**3 + 357*b**2 + 545*b - 673. Calculate q(180).
227
Let r(t) = -39346*t + 1849448. Determine r(47).
186
Let y(k) = -50*k**2 + 2887*k + 776. Calculate y(58).
22
Let k(a) = -72*a**3 - 5328*a**2 + 21*a + 1545. Determine k(-74).
-9
Let j(s) = 4250*s - 29781. Calculate j(7).
-31
Let r(l) = l**3 - 267*l**2 - 416*l - 32769. Calculate r(269).
49
Let v(z) = -2*z**3 + 363*z**2 + 1681*z - 1322. Determine v(186).
-20
Let t(q) = -6*q**2 + 754*q - 3051. Give t(4).
-131
Let l(s) = 22*s**2 - 197*s - 28. What is l(9)?
-19
Let s(w) = -1068*w + 25863. Calculate s(27).
-2973
Let v(f) = f**2 - 99*f + 2350. What is v(65)?
140
Let p(y) = -11*y**2 + 81*y + 581. Give p(-8).
-771
Let p(q) = -470229*q + 9874813. Give p(21).
4
Let f(t) = -t**2 - 41*t - 187. Determine f(-47).
-469
Let d(p) = p**2 + 333*p + 11447. Determine d(-39).
-19
Let m(w) = 93243*w - 186479. Give m(2).
7
Let j(h) = -h**2 + 590*h + 128275. What is j(-169)?
4
Let z(b) = -45*b**3 - 4*b**2 + 4*b + 720. Give z(0).
720
Let t(y) = 19*y**3 - 455*y**2 - 93*y + 1648. Give t(24).
-8
Let d(z) = -2